e highest common divisor of 6 and s.
6
Suppose 3*s - 22 = 8. What is the highest common divisor of s and 5?
5
Let r(z) = 59*z**2 - 3*z + 1. Let h be (-60)/(-27) + 4/(-18). Let w be r(h). What is the greatest common factor of 21 and w?
21
Let i = -4 + 6. Suppose 0 = 5*b + 3*n - 15, 3*n = -3*b - n - 2. What is the greatest common divisor of i and b?
2
Suppose 0 = -v - v. Suppose v = -2*k - 2 + 54. What is the greatest common divisor of 13 and k?
13
Suppose 0 = -2*t - 3*t + 50. Let y(b) be the first derivative of -17*b**2/2 + 5*b - 1. Let q be y(-5). Calculate the greatest common factor of q and t.
10
Suppose 2 = -2*o + 30. What is the highest common divisor of o and 126?
14
Let a be (-50)/(-4)*36/15. What is the greatest common divisor of a and 15?
15
Let y = -28 + 30. What is the highest common divisor of 14 and y?
2
Suppose -3 = 4*a - 11. Calculate the highest common factor of 3 and a.
1
Let t(u) = -10*u - 80. Let h be t(-10). Let m(c) = -c**2 + 7*c - 4. Let n be m(5). Let f be (15/9)/(2/n). Calculate the highest common factor of h and f.
5
Let h be 1/(20/48)*5. Suppose 3*r = -i + 14, 2*r + 3*i - 9 = 2*i. Let z be (12/r)/((-3)/(-10)). What is the highest common divisor of z and h?
4
Let q(u) = 4*u**2 + u - 1. Let i be q(1). Suppose 3*f - 3*t + 7*t - 54 = 0, 4*t = i*f - 44. Let z = f - 8. What is the highest common divisor of 2 and z?
2
Let q(i) = 2*i**3 + 11*i**2 - 7*i - 8. Let n be q(-5). What is the highest common factor of n and 416?
52
Let h = 5 + 49. Let w = h - 18. What is the greatest common divisor of w and 24?
12
Suppose -2*r = -h - 0*h - 4, r = -3*h + 16. Suppose 11 = r*s - 5. Let f = s + 0. What is the highest common divisor of 4 and f?
4
Let u = -19 - -41. Suppose 1 = -p + 2*b - 5, 0 = p + b - 6. What is the highest common divisor of u and p?
2
Let f be 5 + (0 - 6) + 21. Suppose 3*k + 72 = 4*d - 2*k, 0 = 5*d - 2*k - 73. Suppose -p = -37 - d. What is the greatest common factor of f and p?
10
Let o(s) = -s**3 + 8*s**2 - 7*s + 15. Let f be o(7). What is the greatest common divisor of 30 and f?
15
Suppose -10 = 2*t + 3*t, 5*q - 79 = 2*t. Calculate the greatest common divisor of 60 and q.
15
Suppose 3*z + 2 = -5*j, -4*z + 2*j + j + 36 = 0. Let q be -5 - -2 - (1 - 22). Calculate the highest common divisor of z and q.
6
Let z be 4*-2*(-2)/4. Suppose -20 + 8 = -4*w. Let g be 9*w*(-12)/(-9). Calculate the highest common divisor of z and g.
4
Let l be (-4)/(-16) - (-134)/8. What is the highest common divisor of 68 and l?
17
Let o be (-42)/(-4)*(-4)/(-3). Let b be ((-490)/(-21))/((-1)/(-3)). Calculate the greatest common factor of b and o.
14
Suppose -3*n - 2*z + 10 = -2*n, 16 = 4*n + 2*z. Let t(v) = 4*v**2 + v - 2. Let i be t(n). Calculate the greatest common factor of 64 and i.
16
Let s(d) = -d + 3. Let f be s(4). Let j = 1 - f. Suppose j*v = 6*v - 792. What is the highest common factor of 18 and v?
18
Suppose -5*r - 4*v + 386 = 0, -4*v = -0 + 4. Calculate the highest common divisor of 13 and r.
13
Let m = -7 + 9. What is the greatest common factor of 1 and m?
1
Suppose -3*p + 34 = -26. Suppose 20 = 3*n - n. Calculate the greatest common divisor of p and n.
10
Let m(t) = -2 + 0 + 0*t + t. Let w be m(3). Let k = -103 + 114. What is the highest common divisor of k and w?
1
Suppose 3*h = 4*h - 4. Suppose 4*x + 0*w = 3*w + 21, -h*x = w - 41. Let g(k) = k**2 + 7*k + 9. Let c be g(-6). What is the highest common divisor of x and c?
3
Let f = 8 + -8. Suppose 3*u - 43 + 16 = f. Let z = u - 4. Calculate the greatest common divisor of z and 1.
1
Let q(d) = d**3 + 8*d**2 + d + 6. Let f be q(-7). Let o be (-98)/(-6) + (-3)/9. What is the greatest common divisor of o and f?
16
Let v = 41 + -20. What is the highest common factor of 189 and v?
21
Suppose 4*c = h + 2*h + 258, -3*h + 6 = 0. Calculate the highest common factor of 6 and c.
6
Let v(q) = 9*q - 6. Suppose 0 = -3*r - 2*r - 10, -2*n = -5*r - 18. Let b be v(n). Suppose 0*s - 3*s = -30. Calculate the highest common divisor of b and s.
10
Suppose 3*b + z - 10 = 0, 2*z = 7*z + 10. Suppose -x = b*x - 130. What is the greatest common divisor of x and 39?
13
Let o(j) = 4*j - 16. Let d be o(7). Calculate the greatest common factor of d and 60.
12
Let a = -23 + 8. Let w = 1 - a. Calculate the highest common divisor of w and 2.
2
Let y = -20 - -24. Suppose 4*p + w = 2*p + 7, 2*p - y*w = -18. Calculate the highest common divisor of 3 and p.
1
Let c(q) = 2*q**2 + q - 18. Let l be c(-6). What is the greatest common factor of 24 and l?
24
Let s(j) = -j**3 - 17*j**2 + 19*j + 38. Let n be s(-18). What is the highest common factor of n and 50?
10
Let v be -15*18/(-10)*2. Suppose 2*j - 4*c = 32, 4 = 5*j + c - 21. Calculate the greatest common divisor of j and v.
6
Let u = 121 - 37. What is the highest common divisor of 28 and u?
28
Suppose d - 12 = -2*v, -4*v + 6*v - 18 = -2*d. Calculate the highest common factor of d and 3.
3
Let f(q) = -q**3 - 3*q**2 - 4*q - 6. Let u be f(-4). Suppose -86 = -4*j - u. Let c be (-1)/(2/4) + 107. Calculate the greatest common factor of c and j.
15
Suppose 5*a - a = 12. What is the greatest common factor of 24 and a?
3
Suppose -20*k - 7 = -447. What is the highest common divisor of 110 and k?
22
Let w = -48 + 56. Calculate the greatest common divisor of w and 16.
8
Suppose 2 = 2*a - 2. Suppose -a*p = j - 11, 0*p - 4*p - 83 = -5*j. Calculate the greatest common factor of j and 6.
3
Let u = 218 + -50. What is the greatest common divisor of u and 24?
24
Let x(c) = c - 5. Let y be x(11). What is the highest common factor of y and 42?
6
Suppose 0 = -4*h + 333 + 107. Suppose -3*l = -8*l + h. Let g be 114/l - 4/22. Calculate the highest common divisor of 35 and g.
5
Let l = 172 + -153. Calculate the greatest common factor of 57 and l.
19
Let r = -11 - -1. Let h be 2/r + (-64)/(-20). Calculate the greatest common divisor of 15 and h.
3
Let c = 2 + -2. Let u be (-3)/(-6)*c - -24. What is the greatest common factor of u and 16?
8
Let u(s) = 4 - 1 + 8*s**2 - 3. Let v be u(1). Calculate the highest common divisor of 8 and v.
8
Suppose 85 = 4*w - 5*u + 2, 4*u + 12 = 0. What is the greatest common divisor of 17 and w?
17
Suppose -5*f - 110 = -7*f. Calculate the highest common factor of 11 and f.
11
Let m be ((-96)/(-60))/(2/20). What is the greatest common factor of m and 12?
4
Suppose 12*w - 18*w + 120 = 0. What is the greatest common factor of w and 8?
4
Let s(p) be the first derivative of p**4/4 - p**3 - p**2 + 4*p + 2. Let l be s(3). Let b = l + 4. Calculate the highest common factor of b and 2.
2
Suppose 3*c - 532 = -b, 0 = 2*c + 5*b - b - 368. Suppose -2*o + 5 + 27 = 0. What is the highest common factor of o and c?
16
Let w(l) = -14*l - 126. Let b be w(-10). Let k(d) = -10*d**3 - 2*d**2 + d. Let h be k(-2). What is the highest common divisor of h and b?
14
Suppose -5*d - 5*i - 14 = -2*d, 0 = 3*i + 12. Suppose b - d*l + l = 13, -3*b + 5*l + 29 = 0. Calculate the greatest common divisor of b and 27.
9
Let k be (1/3)/((-1)/(-57)). Let r = 27 + k. Suppose -2*o = d - 87, d - 112 = 5*o - r. Calculate the highest common divisor of d and 9.
9
Suppose -24 = -5*p + 3*p. Let o be (2 - 2)/((-2)/(-2)). Suppose 5*u - 2*t - 10 = o, u + 40 = 6*u + 4*t. Calculate the highest common divisor of u and p.
4
Suppose -9*l + 13*l - 224 = 0. Calculate the greatest common divisor of l and 7.
7
Let o = 5 + 12. Calculate the highest common divisor of 85 and o.
17
Let q = 8 - 5. Suppose -n = 3*x + x - 20, 0 = -q*x + 12. Suppose 2*k + 1 = -8*a + 5*a, 3*a + n*k + 11 = 0. Calculate the highest common divisor of a and 21.
3
Let q(r) = r**2 - 10*r + 9. Let l be q(9). Suppose -t + 10 = -l*t. Calculate the greatest common factor of 5 and t.
5
Let l(i) = 5*i**2 - 7*i + 3. Let y be l(-6). What is the highest common divisor of 25 and y?
25
Let n = 12 - 25. Let b(h) = -h**3 - 14*h**2 - 15*h - 19. Let q be b(n). What is the highest common divisor of 56 and q?
7
Let k(b) = -7*b - 5. Let s be k(3). Let p = s + 43. Calculate the highest common divisor of 85 and p.
17
Let j be 1876/154 - 4/22. Let t = j - -163. Calculate the highest common divisor of 25 and t.
25
Suppose 4*l + 0*w - 36 = 2*w, 4 = 2*w. Suppose -42 = -11*r + 68. Calculate the greatest common factor of l and r.
10
Let x = -364 + 188. Let n = -106 - x. Let j = -14 - -